{"id":11,"date":"2016-01-03T17:08:46","date_gmt":"2016-01-03T17:08:46","guid":{"rendered":"http:\/\/ulrike-stortz.de\/wp2\/?page_id=11"},"modified":"2017-04-23T22:32:29","modified_gmt":"2017-04-23T20:32:29","slug":"vita","status":"publish","type":"page","link":"https:\/\/ulrikestortz.de\/?page_id=11","title":{"rendered":"Vita"},"content":{"rendered":"<p>Konzertexamen nach Studien bei <a href=\"https:\/\/de.wikipedia.org\/wiki\/Igor_Ozim\" target=\"_blank\" rel=\"noopener noreferrer\">Igor Ozim<\/a> in K\u00f6ln, <a href=\"https:\/\/de.wikipedia.org\/wiki\/Ricardo_Odnoposoff\" target=\"_blank\" rel=\"noopener noreferrer\">Ricardo Odnoposoff<\/a>, <a href=\"https:\/\/de.wikipedia.org\/wiki\/Wilhelm_Melcher\" target=\"_blank\" rel=\"noopener noreferrer\">Wilhelm Melcher<\/a> und <a href=\"http:\/\/www.joachim-schall-violine.de\/\" target=\"_blank\" rel=\"noopener noreferrer\">Joachim Schall<\/a> in Stuttgart.<\/p>\n<p>Meisterkurse u.a. bei <a href=\"http:\/\/www.henrykszeryng.net\/\" target=\"_blank\" rel=\"noopener noreferrer\">Henryk Szeryng<\/a>, <a href=\"https:\/\/de.wikipedia.org\/wiki\/D%C3%A9nes_Zsigmondy\" target=\"_blank\" rel=\"noopener noreferrer\">Denes Zsigmondy<\/a> und dem <a href=\"http:\/\/fineartsquartet.com\/\" target=\"_blank\" rel=\"noopener noreferrer\">Fine Arts Quartett<\/a>.<\/p>\n<p>Konzerte als Solistin sowie in diversen Ensembles, wie <a href=\"https:\/\/www.ensemble-modern.com\/\" target=\"_blank\" rel=\"noopener noreferrer\">Ensemble Modern<\/a>, <a href=\"http:\/\/www.musikfabrik.eu\/\">Musikfabrik<\/a>, <a href=\"http:\/\/www.ascolta.de\/\">Ascolta<\/a>, Varianti, Zementwerk.<\/p>\n<p>Rundfunk- und Schallplattenaufnahmen vorwiegend mit zeitgen\u00f6ssischer Musik, Mitwirkung im <a href=\"http:\/\/www.swr.de\/rso\">Sinfonieorchester des S\u00fcddeutschen Rundfunks<\/a>, im <a href=\"http:\/\/www.oper-stuttgart.de\/staatsorchester-stuttgart\">Staatsorchester Stuttgart<\/a> sowie im <a href=\"http:\/\/www.stuttgarter-kammerorchester.de\/\">Stuttgarter Kammerorchester<\/a>.<\/p>\n<p>Intensive k\u00fcnstlerische und konzeptionelle Arbeit mit dem interdisziplin\u00e4ren Ensemble &gt;gelberklang&lt; und dem daraus hervorgegangenen Helios Streichquartett.<\/p>\n<p>Vielf\u00e4ltige p\u00e4dagogische T\u00e4tigkeiten von Instrumentalunterricht bis zur Teamleitung bei Response\/neue Musik macht Schule.<\/p>\n<p>Initiatorin von <a href=\"http:\/\/open-music.eu\/\">Open_Music<\/a>, einer Initiative zur freien Improvisation mit Kindern und Jugendlichen, die u.a. bereits zweimal den Bundespreis <a href=\"http:\/\/www.kulturstiftung.de\/kinder-zum-olymp\/\">Kinder zum Olymp<\/a> mit dem Sonderpreis der Deutschen Bank gewonnen hat.<\/p>\n","protected":false},"excerpt":{"rendered":"<p>Konzertexamen nach Studien bei Igor Ozim in K\u00f6ln, Ricardo Odnoposoff, Wilhelm Melcher und Joachim Schall&#8230;<\/p>\n<div class=\"more-link-wrapper\"><a class=\"more-link\" href=\"https:\/\/ulrikestortz.de\/?page_id=11\">Beitrag lesen<span class=\"screen-reader-text\">Vita<\/span><\/a><\/div>\n","protected":false},"author":1,"featured_media":124,"parent":0,"menu_order":0,"comment_status":"closed","ping_status":"closed","template":"","meta":{"footnotes":""},"_links":{"self":[{"href":"https:\/\/ulrikestortz.de\/index.php?rest_route=\/wp\/v2\/pages\/11"}],"collection":[{"href":"https:\/\/ulrikestortz.de\/index.php?rest_route=\/wp\/v2\/pages"}],"about":[{"href":"https:\/\/ulrikestortz.de\/index.php?rest_route=\/wp\/v2\/types\/page"}],"author":[{"embeddable":true,"href":"https:\/\/ulrikestortz.de\/index.php?rest_route=\/wp\/v2\/users\/1"}],"replies":[{"embeddable":true,"href":"https:\/\/ulrikestortz.de\/index.php?rest_route=%2Fwp%2Fv2%2Fcomments&post=11"}],"version-history":[{"count":10,"href":"https:\/\/ulrikestortz.de\/index.php?rest_route=\/wp\/v2\/pages\/11\/revisions"}],"predecessor-version":[{"id":224,"href":"https:\/\/ulrikestortz.de\/index.php?rest_route=\/wp\/v2\/pages\/11\/revisions\/224"}],"wp:featuredmedia":[{"embeddable":true,"href":"https:\/\/ulrikestortz.de\/index.php?rest_route=\/wp\/v2\/media\/124"}],"wp:attachment":[{"href":"https:\/\/ulrikestortz.de\/index.php?rest_route=%2Fwp%2Fv2%2Fmedia&parent=11"}],"curies":[{"name":"wp","href":"https:\/\/api.w.org\/{rel}","templated":true}]}}